c(h) = h**3 + 5*h**2 - 3*h - 1. Calculate c(-3).
26
Let j(q) = q**3 - 8*q**2 - 32*q - 14. Calculate j(11).
-3
Let j(b) = 3*b**2 + 51*b - 42. Determine j(-18).
12
Let m(p) = 6*p - 15. Determine m(4).
9
Let v(t) = t - 13. Calculate v(-11).
-24
Let k(n) = -2*n - 15. Calculate k(0).
-15
Let c(n) = 2*n**2 - 33*n + 7. Determine c(16).
-9
Let f(w) = -52*w. Determine f(1).
-52
Let i(b) = b**2 + 8*b + 8. What is i(-4)?
-8
Let y(b) = 28*b - 83. Give y(5).
57
Let f(b) = -b**3 - b + 11. Give f(0).
11
Let p(z) = z**2 - 6*z - 4. Determine p(5).
-9
Let d(z) = z**2 + 9*z + 8. Give d(-8).
0
Let a(i) = 2*i + 12. What is a(-9)?
-6
Let g(b) = -b - 17. Give g(-5).
-12
Let u(d) = -d**2 - 17*d - 1. Calculate u(-16).
15
Let w(p) = -2*p + 17. What is w(16)?
-15
Let n(d) = -d**2 + 10*d + 2. What is n(8)?
18
Let p(c) = -c**2 + 10*c - 6. Give p(6).
18
Let j(y) = y**3 - 11*y**2 - 12*y - 4. What is j(12)?
-4
Let i(m) = m**2 - 13*m - 2. Calculate i(15).
28
Let p(z) = -2*z**2 - 34*z + 41. Calculate p(-18).
5
Let s(n) = -n**2 - 6*n - 7. Calculate s(-7).
-14
Let q(y) = 2*y**3 + 35*y**2 - 16*y + 37. Calculate q(-18).
1
Let b(d) = -d**2 + 20*d - 73. Calculate b(11).
26
Let q(c) = -c - 2. Calculate q(6).
-8
Let v(z) = -2*z**2 - 50*z + 48. What is v(-26)?
-4
Let d(k) = 4*k - 1. Determine d(-3).
-13
Let o(j) = 6*j + 35. Determine o(-6).
-1
Let h(j) = -j**2 - 24*j - 117. What is h(-9)?
18
Let m(b) = -b**2 - 15*b - 49. What is m(-5)?
1
Let y(s) = -s**3 + 8*s**2 - 6*s + 6. Give y(9).
-129
Let f(w) = -w + 36. Determine f(9).
27
Let s(d) = 5*d + 6. Give s(11).
61
Let p(i) = 33*i - 122. Calculate p(4).
10
Let m(b) = -190*b - 6. Give m(0).
-6
Let w(r) = -r**2 + 14*r - 43. What is w(8)?
5
Let k(n) = -51*n**2 - n. What is k(1)?
-52
Let i(g) = -g**3 + 20*g**2 - 2*g + 48. Calculate i(20).
8
Let b(n) = n**2 + 3*n - 20. Determine b(8).
68
Let t(f) = f**3 + f**2 - 9*f - 10. Calculate t(-6).
-136
Let k(j) = j**2 - 18*j + 10. Give k(8).
-70
Let l(q) = q**3 + 7*q**2 + 14*q + 13. Give l(-2).
5
Let j(k) = k**2 + 2*k - 5. Calculate j(0).
-5
Let n(j) = -j**2 + 14*j + 24. What is n(16)?
-8
Let b(u) = 2*u. Determine b(5).
10
Let d(v) = v**2 - 10*v + 24. Give d(7).
3
Let q(j) = -13*j + 13. Give q(-6).
91
Let k(v) = -110*v + 872. Determine k(8).
-8
Let k(u) = -5*u**2 + 20*u - 4. Give k(4).
-4
Let o(x) = -7*x - 89. Determine o(-13).
2
Let r(t) = t**3 + 12*t**2 + 5*t - 11. Give r(-12).
-71
Let v(l) = -4*l**2 - 10*l - 3. Give v(-4).
-27
Let a(r) = -r**3 + 10*r**2 - 11*r - 19. What is a(8)?
21
Let g(f) = -12*f + 21. Calculate g(2).
-3
Let z(j) = -2*j**3 + 3*j**2 - 11*j + 30. What is z(4)?
-94
Let a(i) = -i**3 - 11*i**2 + 13*i + 19. Calculate a(-12).
7
Let y(p) = 6*p - 2. What is y(-1)?
-8
Let d(m) = -8*m**2 - 45*m - 27. Calculate d(-5).
-2
Let i(l) = -l**3 - 6*l**2 - 3*l + 14. Determine i(-5).
4
Let y(r) = r - 5. Determine y(0).
-5
Let m(i) = i - 1. Give m(-1).
-2
Let c(w) = -w - 5. Calculate c(-4).
-1
Let p(d) = 4*d + 11. Give p(3).
23
Let f(r) = r**2 + 32*r + 7. Give f(-32).
7
Let f(o) = o**3 + o**2 - 30*o - 52. What is f(-5)?
-2
Let x(b) = 32*b**3 + 2*b**2 - b. Calculate x(1).
33
Let m(q) = -q**2 - 4*q + 28. What is m(-6)?
16
Let s(x) = x**3 - 8*x**2 + x + 8. Calculate s(8).
16
Let x(h) = 6*h + 12. Determine x(-5).
-18
Let s(l) = -5*l + 7. Calculate s(-6).
37
Let s(r) = -r**2 + 19*r + 7. Give s(14).
77
Let t(w) = 23*w + 66. What is t(-3)?
-3
Let n(u) = -u**3 + 9*u**2 - 8*u - 8. Determine n(8).
-8
Let y(j) = 31*j. Calculate y(-2).
-62
Let z(r) = -61*r**3 + r - 2. Calculate z(1).
-62
Let u(n) = 10*n - 93. Give u(11).
17
Let j(z) = 5*z**2 - z + 4. What is j(-4)?
88
Let f(n) = 6*n - 3. Give f(-1).
-9
Let r(h) = -79*h - 5. Calculate r(1).
-84
Let t(b) = 4*b - 13. Determine t(6).
11
Let s(w) = w + 28. Calculate s(9).
37
Let v(w) = -w**3 - 14*w**2 - 11*w + 15. Give v(-13).
-11
Let x(b) = -3*b + 33. Calculate x(11).
0
Let h(b) = b - 20. What is h(16)?
-4
Let u(z) = z**3 + 5*z**2 - 4*z - 27. Determine u(-5).
-7
Let d(q) = 7*q**2 + 9*q + 2. What is d(-2)?
12
Let r(j) = j**2 + 4*j - 9. Give r(-9).
36
Let x(y) = -54*y**3 - 1. Give x(-1).
53
Let d(r) = -r**3 + 28*r**2 - 27*r + 51. What is d(27)?
51
Let r(o) = -o**2 + o - 3. Determine r(0).
-3
Let h(y) = -y**2 - 3*y + 8. Calculate h(-6).
-10
Let j(s) = 2*s**2 - 2*s - 2. Determine j(3).
10
Let u(x) = 3*x - 9. Determine u(7).
12
Let b(r) = -r**2 - 32*r + 138. What is b(4)?
-6
Let g(t) = -2*t**3 - t. What is g(-2)?
18
Let f(z) = z**2 - 7*z - 1. Calculate f(5).
-11
Let i(d) = -74*d - 736. Determine i(-10).
4
Let l(n) = 6*n - 8. What is l(3)?
10
Let o(g) = 2*g**2 - 12. Determine o(-5).
38
Let n(x) = 4*x + 7. Determine n(-4).
-9
Let g(d) = d**3 + 6*d**2 - 2*d + 5. Calculate g(-6).
17
Let z(t) = 2*t**2 - 7*t. Determine z(-4).
60
Let a(p) = -2*p**2 - 11*p + 65. Give a(-9).
2
Let p(o) = -o**3 - 22*o**2 - 45*o - 41. Determine p(-20).
59
Let j(c) = -c**3 - 20*c**2 + c + 11. Determine j(-20).
-9
Let y(v) = v**3 + 11*v**2 + 9*v - 20. Determine y(-10).
-10
Let d(o) = o + 40. Determine d(13).
53
Let x(p) = p**3 + 3*p**2 + 2*p + 5. Calculate x(-3).
-1
Let u(w) = 9*w - 95. What is u(10)?
-5
Let d(n) = -9*n - 1. Determine d(-3).
26
Let d(n) = -n**3 - 2*n**2 + 23*n + 2. What is d(4)?
-2
Let x(n) = -n**3 + 14*n**2 + n - 9. Give x(14).
5
Let k(w) = -2*w**3 + 2*w**2 + 8*w - 7. Determine k(2).
1
Let s(b) = b**3 - b**2 - 3*b - 5. Give s(0).
-5
Let h(f) = -f**3 - 7*f**2 + 18*f + 2. Give h(-9).
2
Let b(a) = a**3 + 7*a**2 + 8*a - 18. Determine b(-4).
-2
Let k(l) = -l**2 - 19*l - 38. Determine k(-16).
10
Let g(z) = 4*z + 1. Determine g(-1).
-3
Let o(i) = 2*i**2 - 6*i - 6. Give o(7).
50
Let z(g) = 3*g - 41. Calculate z(9).
-14
Let k(l) = l**2 - 9*l - 5. What is k(12)?
31
Let h(w) = -w**3 + 20*w**2 + 3*w - 66. Give h(20).
-6
Let h(x) = -x**2 + 3*x + 3. What is h(-3)?
-15
Let n(q) = -q**3 + 3*q**2 + 10*q - 1. Give n(5).
-1
Let l(q) = -3*q + 32. Give l(24).
-40
Let s(d) = 13*d. What is s(-3)?
-39
Let s(n) = n**3 + 4*n**2 - 8*n - 10. What is s(-5)?
5
Let b(s) = -s**3 + 4*s**2 + 3*s + 4. Determine b(4).
16
Let f(q) = -2*q + 29. What is f(12)?
5
Let q(c) = -c. What is q(7)?
-7
Let h(w) = -w**3 + 5*w**2 + 5*w + 12. Give h(6).
6
Let n(u) = 4*u - 26. Calculate n(7).
2
Let i(l) = l + 13. What is i(-5)?
8
Let s(p) = p**2 - p - 14. Determine s(-8).
58
Let c(p) = p**2 - 10*p + 2. Calculate c(8).
-14
Let s(f) = f**3 + 10*f**2 + 7*f - 22. Determine s(-9).
-4
Let y(m) = m**3 + 6*m**2 + 2*m - 10. Give y(-4).
14
Let h(z) = -z + 32. What is h(15)?
17
Let j(n) = -n**2 - 2*n + 1. What is j(4)?
-23
Let v(o) = -39*o - 159. Determine v(-4).
-3
Let u(w) = w - 24. What is u(30)?
6
Let h(j) = -j**3 - 6*j**2 + 2*j + 14. What is h(-6)?
2
Let q(b) = b**3 - 3*b**2 - 4*b + 4. What is q(3)?
-8
Let c(f) = -f**3 + 9*f**2 - 3*f - 12. Calculate c(9).
-39
Let q(w) = -25*w - 6. Determine q(7).
-181
Let x(n) = -28*n + 15. Give x(2).
-41
Let c(n) = n**3 - 12*n**2 + 10. Calculate c(12).
10
Let c(a) = a**3 - 7*a**2 - 5*a - 2. Determine c(8).
22
Let r(h) = h**2 - 12*h - 14. Calculate r(10).
-34
Let m(a) = -2*a - 42. What is m(-16)?
-10
Let r(q) = 2*q + 79. What is r(-41)?
-3
Let f(d) = 3*d - 7. Give f(-1).
-10
Let r(s) = -27*s - 12. Give r(-1).
15
Let r(z) = 32*z - 7. Determine r(3).
89
Let b(v) = -28*v**3 - v**2 + v - 1. Calculate b(1).
-29
Let u(n) = -5*n + 48. Calculate u(12).
-12
Let a(w) = 4*w - 65. Give a(0).
-65
Let q(m) = -m**2 + 31*m + 58. Give q(32).
26
Let m(x) = -x**3 - 2*x**2 - 2*x - 7. Calculate m(-4).
33
Let x(t) = 17*t + 23. What is x(-2)?
-11
Let f(t) = 8*t - 78. What is f(11)?
10
Let i(m) = m**2 - 8*m + 7. Give i(7).
0
Let z(p) = 43*p - 5. Determine z(0).
-5
Let n(s) = -s**2 + 19*s - 16. Calculate n(14).
54
Let v(h) = -2*h**2 + h + 10. Give v(6).
-56
Let b(j) = j**3 + 3*j**2 + 2*j + 3. What is b(-3)?
-3
Let q(j) = -j**2 + 5*j - 5. Calculate q(3).
1
Let y(j) = -4*j**3 - j**2 + j + 2. Calculate y(-1).
4
Let m(a) = 5*a - 4. What is m(-8)?
-44
Let b(f) = f + 2. Calculate b(9).
11
Let v(u) = -u**3 - 13*u**2 + u - 27. Calculate v(-13).
-40
Let z(r) = -r**3 - 2*r + 15. Give z(0).
15
Let t(g) = g**2 + 8*g - 1. Give t(-5).
-16
Let c(d) = -d**3 - 6*d**2 - 4*d - 15. Calculate c(-6).
9
Let q(m) = -8*m. Determine q(4).
-32
Let d(o) = -7*o - 336. Give d(-49).
7
Let p(z) = z**3 + 6*z**2 - 10. Give p(-5).
15
Let v(l) = 21*l - 18. Give 